{"id":3380,"date":"2023-03-03T05:40:08","date_gmt":"2023-03-03T11:40:08","guid":{"rendered":"https:\/\/www.compumashn.net\/inicio\/?page_id=3380"},"modified":"2026-01-13T12:21:24","modified_gmt":"2026-01-13T18:21:24","slug":"san-pedro-de-copan","status":"publish","type":"page","link":"https:\/\/www.compumashn.net\/inicio\/san-pedro-de-copan\/","title":{"rendered":"San Pedro de Cop\u00e1n"},"content":{"rendered":"\n<div class=\"wp-block-stackable-image stk-block-image stk-block stk-e37161d\" data-block-id=\"e37161d\"><style>.stk-e37161d {margin-bottom:30px !important;}<\/style><figure><span class=\"stk-img-wrapper stk-image--shape-stretch\"><img loading=\"lazy\" decoding=\"async\" class=\"stk-img wp-image-3010\" src=\"https:\/\/www.compumashn.net\/inicio\/wp-content\/uploads\/2023\/01\/Internet-Residencial-banner.png\" width=\"1574\" height=\"281\" srcset=\"https:\/\/www.compumashn.net\/inicio\/wp-content\/uploads\/2023\/01\/Internet-Residencial-banner.png 1574w, https:\/\/www.compumashn.net\/inicio\/wp-content\/uploads\/2023\/01\/Internet-Residencial-banner-300x54.png 300w, https:\/\/www.compumashn.net\/inicio\/wp-content\/uploads\/2023\/01\/Internet-Residencial-banner-1024x183.png 1024w, https:\/\/www.compumashn.net\/inicio\/wp-content\/uploads\/2023\/01\/Internet-Residencial-banner-768x137.png 768w, https:\/\/www.compumashn.net\/inicio\/wp-content\/uploads\/2023\/01\/Internet-Residencial-banner-1536x274.png 1536w, https:\/\/www.compumashn.net\/inicio\/wp-content\/uploads\/2023\/01\/Internet-Residencial-banner-600x107.png 600w\" sizes=\"auto, (max-width: 1574px) 100vw, 1574px\" \/><\/span><\/figure><\/div>\n\n\n\n<div class=\"wp-block-stackable-subtitle stk-block-subtitle stk-block stk-d45ba2d\" data-block-id=\"d45ba2d\"><style>.stk-d45ba2d {margin-bottom:0px !important;}.stk-d45ba2d .stk-block-subtitle__text{font-size:28px !important;color:#033772 !important;}@media screen and (max-width: 1023px){.stk-d45ba2d .stk-block-subtitle__text{font-size:28px !important;}}<\/style><p class=\"stk-block-subtitle__text stk-subtitle has-text-color has-secondary-color has-text-align-center\"><strong>PLANES DE INTERNET + TV DIGITAL<\/strong><\/p><\/div>\n\n\n<div class=\"standard \">\n<div class=\"pricing-table-header-standard\">\n<h2 style=\"padding-left: 40px;\">L 775.00\/mes<\/h2>\n<\/div>\n<div class=\"pricing-table-features\">\n<p><b>100 <\/b>Megas<\/p>\n<p><b>Televisi\u00f3n <\/b>Digital<\/p>\n<p><b>M\u00e1s de 100 <\/b>canales<\/p>\n<p><b>Instalaci\u00f3n <\/b>gratis<\/p>\n<p><strong>Internet<\/strong> por fibra \u00f3ptica<\/p>\n<p><strong>Soporte t\u00e9cnico: <\/strong>7a.m. &#8211; 11p.m.<\/p>\n<\/div>\n<div class=\"pricing-table-signup-standard\">\n<p><a href=\"https:\/\/www.compumashn.net\/inicio\/honduras\/\">\u00a0 \u00a0 \u00a0 \u00a0 Solicitar<\/a><\/p>\n<\/div>\n<\/div>\n<div class=\"premium\">\n<div class=\"pricing-table-header-premium\">\n<h2 style=\"padding-left: 40px;\">L 955.00\/mes<\/h2>\n<\/div>\n<div class=\"pricing-table-features\">\n<p><strong>150<\/strong> Megas<\/p>\n<p><b>Televisi\u00f3n <\/b>Digital<\/p>\n<p><b>M\u00e1s de 100 <\/b>canales<\/p>\n<p><b>Instalaci\u00f3n <\/b>gratis<\/p>\n<p><strong>Internet<\/strong> por fibra \u00f3ptica<\/p>\n<p><strong>Soporte t\u00e9cnico: <\/strong>7a.m. &#8211; 11p.m.<\/p>\n<\/div>\n<div class=\"pricing-table-signup-premium\">\n<p><a href=\"https:\/\/www.compumashn.net\/inicio\/honduras\/\">\u00a0 \u00a0 \u00a0 \u00a0 Solicitar<\/a><\/p>\n<\/div>\n<\/div>\n<div class=\"professional\">\n<div class=\"pricing-table-header-professional\">\n<h2 style=\"padding-left: 40px;\">L 1,190.00\/mes<\/h2>\n<\/div>\n<div class=\"pricing-table-features\">\n<p><strong>200<\/strong> Megas<\/p>\n<p><b>Televisi\u00f3n <\/b>Digital<\/p>\n<p><b>M\u00e1s de 100 <\/b>canales<\/p>\n<p><b>Instalaci\u00f3n <\/b>gratis<\/p>\n<p><strong>Internet<\/strong> por fibra \u00f3ptica<\/p>\n<p><strong>Soporte t\u00e9cnico: <\/strong>7a.m. &#8211; 11p.m.<\/p>\n<\/div>\n<div class=\"pricing-table-signup-professional\">\n<p><a href=\"https:\/\/www.compumashn.net\/inicio\/honduras\/\">\u00a0 \u00a0 \u00a0 \u00a0 Solicitar<\/a><\/p>\n<\/div>\n<\/div>\n\n\n<figure class=\"wp-block-image size-full\"><a href=\"https:\/\/www.compumashn.net\/inicio\/wp-content\/uploads\/2023\/01\/Blanco-largo-1.jpg\"><img loading=\"lazy\" decoding=\"async\" width=\"840\" height=\"30\" src=\"https:\/\/www.compumashn.net\/inicio\/wp-content\/uploads\/2023\/01\/Blanco-largo-1.jpg\" alt=\"\" class=\"wp-image-3186\" srcset=\"https:\/\/www.compumashn.net\/inicio\/wp-content\/uploads\/2023\/01\/Blanco-largo-1.jpg 840w, https:\/\/www.compumashn.net\/inicio\/wp-content\/uploads\/2023\/01\/Blanco-largo-1-300x11.jpg 300w, https:\/\/www.compumashn.net\/inicio\/wp-content\/uploads\/2023\/01\/Blanco-largo-1-768x27.jpg 768w, https:\/\/www.compumashn.net\/inicio\/wp-content\/uploads\/2023\/01\/Blanco-largo-1-600x21.jpg 600w\" sizes=\"auto, (max-width: 840px) 100vw, 840px\" \/><\/a><\/figure>\n\n\n\n<div class=\"wp-block-stackable-subtitle stk-block-subtitle stk-block stk-40d3809\" data-block-id=\"40d3809\"><style>.stk-40d3809 {margin-bottom:0px !important;}.stk-40d3809 .stk-block-subtitle__text{font-size:28px !important;color:#033772 !important;}@media screen and (max-width: 1023px){.stk-40d3809 .stk-block-subtitle__text{font-size:28px !important;}}<\/style><p class=\"stk-block-subtitle__text stk-subtitle has-text-color has-secondary-color has-text-align-center\"><strong><strong>PLANES DE SOLO INTERNET<\/strong><\/strong><\/p><\/div>\n\n\n<div class=\"standard \">\n<div class=\"pricing-table-header-standard\">\n<h2 style=\"padding-left: 40px;\">L 500.00\/mes<\/h2>\n<\/div>\n<div class=\"pricing-table-features\">\n<p><strong>100<\/strong> Megas<\/p>\n<p><b>Instalaci\u00f3n <\/b>gratis<\/p>\n<p><strong>Internet<\/strong> por fibra \u00f3ptica<\/p>\n<p><strong>Soporte t\u00e9cnico: <\/strong>7a.m. &#8211; 11p.m.<\/p>\n<\/div>\n<div class=\"pricing-table-signup-standard\">\n<p><a href=\"https:\/\/www.compumashn.net\/inicio\/honduras\/\">\u00a0 \u00a0 \u00a0 \u00a0 Solicitar<\/a><\/p>\n<\/div>\n<\/div>\n<div class=\"premium\">\n<div class=\"pricing-table-header-premium\">\n<h2 style=\"padding-left: 40px;\">L 705.00\/mes<\/h2>\n<\/div>\n<div class=\"pricing-table-features\">\n<p><strong>150<\/strong> Megas<\/p>\n<p><b>Instalaci\u00f3n <\/b>gratis<\/p>\n<p><strong>Internet<\/strong> por fibra \u00f3ptica<\/p>\n<p><strong>Soporte t\u00e9cnico: <\/strong>7a.m. &#8211; 11p.m.<\/p>\n<\/div>\n<div class=\"pricing-table-signup-premium\">\n<p><a href=\"https:\/\/www.compumashn.net\/inicio\/honduras\/\">\u00a0 \u00a0 \u00a0 \u00a0 Solicitar<\/a><\/p>\n<\/div>\n<\/div>\n<div class=\"professional\">\n<div class=\"pricing-table-header-professional\">\n<h2 style=\"padding-left: 40px;\">L 940.00\/mes<\/h2>\n<\/div>\n<div class=\"pricing-table-features\">\n<p><strong>200<\/strong> Megas<\/p>\n<p><b>Instalaci\u00f3n <\/b>gratis<\/p>\n<p><strong>Internet<\/strong> por fibra \u00f3ptica<\/p>\n<p><strong>Soporte t\u00e9cnico: <\/strong>7a.m. &#8211; 11p.m.<\/p>\n<\/div>\n<div class=\"pricing-table-signup-professional\">\n<p><a href=\"https:\/\/www.compumashn.net\/inicio\/honduras\/\">\u00a0 \u00a0 \u00a0 \u00a0 Solicitar<\/a><\/p>\n<\/div>\n<\/div>\n<div class=\"maximum\">\n<div class=\"pricing-table-header-maximum\">\n<h2 style=\"padding-left: 40px;\">L 1,175.00\/mes<\/h2>\n<\/div>\n<div class=\"pricing-table-features\">\n<p><strong>220<\/strong> Megas<\/p>\n<p><b>Instalaci\u00f3n <\/b>gratis<\/p>\n<p><strong>Internet<\/strong> por fibra \u00f3ptica<\/p>\n<p><strong>Soporte t\u00e9cnico: <\/strong>7a.m. &#8211; 11p.m.<\/p>\n<\/div>\n<div class=\"pricing-table-signup-maximum\">\n<p><a href=\"https:\/\/www.compumashn.net\/inicio\/honduras\/\">\u00a0 \u00a0 \u00a0 \u00a0 Solicitar<\/a><\/p>\n<\/div>\n<\/div>\n<div class=\"standard \">\n<div class=\"pricing-table-header-standard\">\n<h2 style=\"padding-left: 40px;\">L 1,410.00\/mes<\/h2>\n<\/div>\n<div class=\"pricing-table-features\">\n<p><strong>250<\/strong> Megas<\/p>\n<p><b>Instalaci\u00f3n <\/b>gratis<\/p>\n<p><strong>Internet<\/strong> por fibra \u00f3ptica<\/p>\n<p><strong>Soporte t\u00e9cnico: <\/strong>7a.m. &#8211; 11p.m.<\/p>\n<\/div>\n<div class=\"pricing-table-signup-standard\">\n<p><a href=\"https:\/\/www.compumashn.net\/inicio\/honduras\/\">\u00a0 \u00a0 \u00a0 \u00a0 Solicitar<\/a><\/p>\n<\/div>\n<\/div>\n<div class=\"premium\">\n<div class=\"pricing-table-header-premium\">\n<h2 style=\"padding-left: 40px;\">L 1,763.00\/mes<\/h2>\n<\/div>\n<div class=\"pricing-table-features\">\n<p><strong>300<\/strong>\u00a0Megas<\/p>\n<p><b>Instalaci\u00f3n <\/b>gratis<\/p>\n<p><strong>Internet<\/strong> por fibra \u00f3ptica<\/p>\n<p><strong>Soporte t\u00e9cnico: <\/strong>7a.m. &#8211; 11p.m.<\/p>\n<\/div>\n<div class=\"pricing-table-signup-premium\">\n<p><a href=\"https:\/\/www.compumashn.net\/inicio\/honduras\/\">\u00a0 \u00a0 \u00a0 \u00a0 Solicitar<\/a><\/p>\n<\/div>\n<\/div>","protected":false},"excerpt":{"rendered":"<p>PLANES DE INTERNET + TV DIGITAL L 775.00\/mes 100 Megas Televisi\u00f3n Digital M\u00e1s de 100 canales Instalaci\u00f3n gratis Internet por fibra \u00f3ptica Soporte t\u00e9cnico: 7a.m. &#8211; 11p.m. \u00a0 \u00a0 \u00a0 \u00a0 Solicitar L 955.00\/mes 150 Megas Televisi\u00f3n Digital M\u00e1s de 100 canales Instalaci\u00f3n gratis Internet por fibra \u00f3ptica Soporte t\u00e9cnico: 7a.m. &#8211; 11p.m. \u00a0 \u00a0 [&hellip;]<\/p>\n","protected":false},"author":1,"featured_media":0,"parent":0,"menu_order":0,"comment_status":"closed","ping_status":"closed","template":"","meta":{"_monsterinsights_skip_tracking":false,"_monsterinsights_sitenote_active":false,"_monsterinsights_sitenote_note":"","_monsterinsights_sitenote_category":0,"footnotes":""},"class_list":["post-3380","page","type-page","status-publish","hentry","notblog"],"_links":{"self":[{"href":"https:\/\/www.compumashn.net\/inicio\/wp-json\/wp\/v2\/pages\/3380","targetHints":{"allow":["GET"]}}],"collection":[{"href":"https:\/\/www.compumashn.net\/inicio\/wp-json\/wp\/v2\/pages"}],"about":[{"href":"https:\/\/www.compumashn.net\/inicio\/wp-json\/wp\/v2\/types\/page"}],"author":[{"embeddable":true,"href":"https:\/\/www.compumashn.net\/inicio\/wp-json\/wp\/v2\/users\/1"}],"replies":[{"embeddable":true,"href":"https:\/\/www.compumashn.net\/inicio\/wp-json\/wp\/v2\/comments?post=3380"}],"version-history":[{"count":5,"href":"https:\/\/www.compumashn.net\/inicio\/wp-json\/wp\/v2\/pages\/3380\/revisions"}],"predecessor-version":[{"id":5321,"href":"https:\/\/www.compumashn.net\/inicio\/wp-json\/wp\/v2\/pages\/3380\/revisions\/5321"}],"wp:attachment":[{"href":"https:\/\/www.compumashn.net\/inicio\/wp-json\/wp\/v2\/media?parent=3380"}],"curies":[{"name":"wp","href":"https:\/\/api.w.org\/{rel}","templated":true}]}}