{"id":3226,"date":"2023-02-12T19:13:40","date_gmt":"2023-02-13T01:13:40","guid":{"rendered":"https:\/\/www.compumashn.net\/inicio\/?post_type=product&#038;p=3226"},"modified":"2025-12-28T14:36:24","modified_gmt":"2025-12-28T20:36:24","slug":"olt-zte-c300-16-ranuras","status":"publish","type":"product","link":"https:\/\/www.compumashn.net\/inicio\/product\/olt-zte-c300-16-ranuras\/","title":{"rendered":"OLT ZTE C300 16 RANURAS"},"content":{"rendered":"<div class=\"J_module\">\n<div class=\"detail-decorate-json-renderer-container\">\n<div class=\"magic-1\">\n<div class=\"magic-5\">\n<div class=\"magic-6\">\n<div class=\"magic-7\"><span data-spm-anchor-id=\"a2700.details.0.i0.41856589XhVjTe\">Posicionamiento ZTE C300 para la pr\u00f3xima generaci\u00f3n de plataforma de acceso xPON de alta capacidad para redes de \u00faltima generaci\u00f3n HSI, VoIP, TDM, IPTV, CATV, mobile 2G\/3G, acceso WiFi, como la agregaci\u00f3n de servicio completo y el control de gesti\u00f3n, y proporciona fiabilidad de clase de operador, QoS y protecci\u00f3n de seguridad.<\/span><\/div>\n<\/div>\n<\/div>\n<\/div>\n<\/div>\n<\/div>\n","protected":false},"excerpt":{"rendered":"<ul>\n<li>SOPORTA 128 PUERTOS 10G PON, COMBO<br \/>\nPON POR CHASIS<\/li>\n<li>SOPORTA 256 PUERTOS GPON\/EPON<br \/>\nEPON POR CHASIS<\/li>\n<\/ul>\n","protected":false},"featured_media":3228,"template":"","meta":{"_monsterinsights_skip_tracking":false,"_monsterinsights_sitenote_active":false,"_monsterinsights_sitenote_note":"","_monsterinsights_sitenote_category":0},"product_brand":[160],"product_cat":[99],"product_tag":[],"class_list":{"0":"post-3226","1":"product","2":"type-product","3":"status-publish","4":"has-post-thumbnail","6":"product_brand-zte","7":"product_cat-olt","8":"notblog","10":"first","11":"instock","12":"featured","13":"taxable","14":"shipping-taxable","15":"purchasable","16":"product-type-simple"},"_links":{"self":[{"href":"https:\/\/www.compumashn.net\/inicio\/wp-json\/wp\/v2\/product\/3226","targetHints":{"allow":["GET"]}}],"collection":[{"href":"https:\/\/www.compumashn.net\/inicio\/wp-json\/wp\/v2\/product"}],"about":[{"href":"https:\/\/www.compumashn.net\/inicio\/wp-json\/wp\/v2\/types\/product"}],"wp:featuredmedia":[{"embeddable":true,"href":"https:\/\/www.compumashn.net\/inicio\/wp-json\/wp\/v2\/media\/3228"}],"wp:attachment":[{"href":"https:\/\/www.compumashn.net\/inicio\/wp-json\/wp\/v2\/media?parent=3226"}],"wp:term":[{"taxonomy":"product_brand","embeddable":true,"href":"https:\/\/www.compumashn.net\/inicio\/wp-json\/wp\/v2\/product_brand?post=3226"},{"taxonomy":"product_cat","embeddable":true,"href":"https:\/\/www.compumashn.net\/inicio\/wp-json\/wp\/v2\/product_cat?post=3226"},{"taxonomy":"product_tag","embeddable":true,"href":"https:\/\/www.compumashn.net\/inicio\/wp-json\/wp\/v2\/product_tag?post=3226"}],"curies":[{"name":"wp","href":"https:\/\/api.w.org\/{rel}","templated":true}]}}