{"id":3401,"date":"2023-03-04T19:56:06","date_gmt":"2023-03-05T01:56:06","guid":{"rendered":"https:\/\/www.compumashn.net\/inicio\/?post_type=product&#038;p=3401"},"modified":"2025-09-02T13:31:25","modified_gmt":"2025-09-02T19:31:25","slug":"ip-to-analogo-modulador","status":"publish","type":"product","link":"https:\/\/www.compumashn.net\/inicio\/product\/ip-to-analogo-modulador\/","title":{"rendered":"IP TO ANALOGO MODULADOR"},"content":{"rendered":"<ol style=\"font-weight: 400;\">\n<li>Admite la inserci\u00f3n de OSD (logotipo y subt\u00edtulos) para cada canal, f\u00e1cil operaci\u00f3n<\/li>\n<li>Modificaci\u00f3n de la informaci\u00f3n del programa de soporte, selecci\u00f3n de audio m\u00faltiple l<\/li>\n<li>2 puertos GE\u00a0\u00a0(m\u00e1x.\u00a064\u00a0\u00a0entradas IP\u00a0sobre\u00a0MPTS\u00a0\/ SPTS), m\u00e1x.\u00a0840 Mbps para cada\u00a0entrada GE<\/li>\n<li>Procesamiento de hasta\u00a032\u00a0\u00a0grupos de multidifusi\u00f3n IP de un Gigabit Ethernet MPEG TS en hasta\u00a032\u00a0programas de TV\u00a0PAL\u00a0,\u00a0NTSC o SECAM est\u00e1ndar<\/li>\n<li>\u00a0Salida\u00a0de 32 portadoras no\u00a0adyacentes\u00a0o adyacentes\u00a0dentro de 400 MHz<\/li>\n<\/ol>\n","protected":false},"excerpt":{"rendered":"<ul>\n<li>32 CANALES<\/li>\n<li>2 PUERTOS GE<\/li>\n<\/ul>\n","protected":false},"featured_media":3402,"template":"","meta":{"_monsterinsights_skip_tracking":false,"_monsterinsights_sitenote_active":false,"_monsterinsights_sitenote_note":"","_monsterinsights_sitenote_category":0},"product_brand":[],"product_cat":[126],"product_tag":[],"class_list":{"0":"post-3401","1":"product","2":"type-product","3":"status-publish","4":"has-post-thumbnail","6":"product_cat-moduladores","7":"notblog","9":"first","10":"instock","11":"featured","12":"taxable","13":"shipping-taxable","14":"purchasable","15":"product-type-simple"},"_links":{"self":[{"href":"https:\/\/www.compumashn.net\/inicio\/wp-json\/wp\/v2\/product\/3401","targetHints":{"allow":["GET"]}}],"collection":[{"href":"https:\/\/www.compumashn.net\/inicio\/wp-json\/wp\/v2\/product"}],"about":[{"href":"https:\/\/www.compumashn.net\/inicio\/wp-json\/wp\/v2\/types\/product"}],"wp:featuredmedia":[{"embeddable":true,"href":"https:\/\/www.compumashn.net\/inicio\/wp-json\/wp\/v2\/media\/3402"}],"wp:attachment":[{"href":"https:\/\/www.compumashn.net\/inicio\/wp-json\/wp\/v2\/media?parent=3401"}],"wp:term":[{"taxonomy":"product_brand","embeddable":true,"href":"https:\/\/www.compumashn.net\/inicio\/wp-json\/wp\/v2\/product_brand?post=3401"},{"taxonomy":"product_cat","embeddable":true,"href":"https:\/\/www.compumashn.net\/inicio\/wp-json\/wp\/v2\/product_cat?post=3401"},{"taxonomy":"product_tag","embeddable":true,"href":"https:\/\/www.compumashn.net\/inicio\/wp-json\/wp\/v2\/product_tag?post=3401"}],"curies":[{"name":"wp","href":"https:\/\/api.w.org\/{rel}","templated":true}]}}