{"id":3446,"date":"2023-03-05T21:47:47","date_gmt":"2023-03-06T03:47:47","guid":{"rendered":"https:\/\/www.compumashn.net\/inicio\/?post_type=product&#038;p=3446"},"modified":"2026-03-30T21:50:55","modified_gmt":"2026-03-31T03:50:55","slug":"fibra-drop-2-hilos","status":"publish","type":"product","link":"https:\/\/www.compumashn.net\/inicio\/product\/fibra-drop-2-hilos\/","title":{"rendered":"FIBRA DROP 2 HILOS (GJYXCH G657A1)"},"content":{"rendered":"<ul>\n<li>El cable \u00f3ptico de interior AOA cuenta con estructura simple, menor peso y alta practicidad.<\/li>\n<li>Dise\u00f1o hecho del cable a la tira y el empalme, los cuales simplifican la instalaci\u00f3n y el mantenimiento.<\/li>\n<li>Garantiza un buen rendimiento de la resistencia al aplastamiento y tensi\u00f3n, los dos miembros paralelos de FRP o los cables de acero refuerzan el cable.<\/li>\n<li>Las caracter\u00edsticas ign\u00edfugas cumplen con los requisitos de las normas pertinentes.<\/li>\n<li>Suave, flexible, f\u00e1cil de colocar y empalmar, admite transmisi\u00f3n de datos de gran capacidad.<\/li>\n<\/ul>\n","protected":false},"excerpt":{"rendered":"<p>El cable \u00f3ptico de interior AOA cuenta con estructura simple, menor peso y alta practicidad. Dise\u00f1o hecho del cable a la tira y el empalme, los cuales simplifican la instalaci\u00f3n y el mantenimiento. Garantiza un buen rendimiento de la resistencia al aplastamiento y tensi\u00f3n, los dos miembros paralelos de FRP o los cables de acero [&hellip;]<\/p>\n","protected":false},"featured_media":3447,"template":"","meta":{"_monsterinsights_skip_tracking":false,"_monsterinsights_sitenote_active":false,"_monsterinsights_sitenote_note":"","_monsterinsights_sitenote_category":0},"product_brand":[],"product_cat":[113,106],"product_tag":[],"class_list":{"0":"post-3446","1":"product","2":"type-product","3":"status-publish","4":"has-post-thumbnail","6":"product_cat-fibra-drop","7":"product_cat-fibra-optica","8":"notblog","10":"first","11":"instock","12":"featured","13":"taxable","14":"shipping-taxable","15":"purchasable","16":"product-type-variable"},"_links":{"self":[{"href":"https:\/\/www.compumashn.net\/inicio\/wp-json\/wp\/v2\/product\/3446","targetHints":{"allow":["GET"]}}],"collection":[{"href":"https:\/\/www.compumashn.net\/inicio\/wp-json\/wp\/v2\/product"}],"about":[{"href":"https:\/\/www.compumashn.net\/inicio\/wp-json\/wp\/v2\/types\/product"}],"wp:featuredmedia":[{"embeddable":true,"href":"https:\/\/www.compumashn.net\/inicio\/wp-json\/wp\/v2\/media\/3447"}],"wp:attachment":[{"href":"https:\/\/www.compumashn.net\/inicio\/wp-json\/wp\/v2\/media?parent=3446"}],"wp:term":[{"taxonomy":"product_brand","embeddable":true,"href":"https:\/\/www.compumashn.net\/inicio\/wp-json\/wp\/v2\/product_brand?post=3446"},{"taxonomy":"product_cat","embeddable":true,"href":"https:\/\/www.compumashn.net\/inicio\/wp-json\/wp\/v2\/product_cat?post=3446"},{"taxonomy":"product_tag","embeddable":true,"href":"https:\/\/www.compumashn.net\/inicio\/wp-json\/wp\/v2\/product_tag?post=3446"}],"curies":[{"name":"wp","href":"https:\/\/api.w.org\/{rel}","templated":true}]}}