{"id":3658,"date":"2023-04-08T22:22:48","date_gmt":"2023-04-09T04:22:48","guid":{"rendered":"https:\/\/www.compumashn.net\/inicio\/?post_type=product&#038;p=3658"},"modified":"2025-07-06T12:14:31","modified_gmt":"2025-07-06T18:14:31","slug":"mini-odf-4-puertos","status":"publish","type":"product","link":"https:\/\/www.compumashn.net\/inicio\/product\/mini-odf-4-puertos\/","title":{"rendered":"MINI ODF 4 PUERTOS"},"content":{"rendered":"<ul class=\"a-unordered-list a-vertical a-spacing-mini\">\n<li><span class=\"a-list-item\">Material ABS, resistente al fuego y al polvo.<\/span><\/li>\n<li><span class=\"a-list-item\">Tama\u00f1o peque\u00f1o, ligero, uso conveniente.<\/span><\/li>\n<li><span class=\"a-list-item\">Adecuado para varios m\u00f3dulos e interfaces multimedia.<\/span><\/li>\n<\/ul>\n","protected":false},"excerpt":{"rendered":"<p>Material ABS, resistente al fuego y al polvo. Tama\u00f1o peque\u00f1o, ligero, uso conveniente. Adecuado para varios m\u00f3dulos e interfaces multimedia.<\/p>\n","protected":false},"featured_media":3659,"template":"","meta":{"_monsterinsights_skip_tracking":false,"_monsterinsights_sitenote_active":false,"_monsterinsights_sitenote_note":"","_monsterinsights_sitenote_category":0},"product_brand":[],"product_cat":[133],"product_tag":[],"class_list":{"0":"post-3658","1":"product","2":"type-product","3":"status-publish","4":"has-post-thumbnail","6":"product_cat-odf","7":"notblog","9":"first","10":"instock","11":"featured","12":"taxable","13":"shipping-taxable","14":"purchasable","15":"product-type-simple"},"_links":{"self":[{"href":"https:\/\/www.compumashn.net\/inicio\/wp-json\/wp\/v2\/product\/3658","targetHints":{"allow":["GET"]}}],"collection":[{"href":"https:\/\/www.compumashn.net\/inicio\/wp-json\/wp\/v2\/product"}],"about":[{"href":"https:\/\/www.compumashn.net\/inicio\/wp-json\/wp\/v2\/types\/product"}],"wp:featuredmedia":[{"embeddable":true,"href":"https:\/\/www.compumashn.net\/inicio\/wp-json\/wp\/v2\/media\/3659"}],"wp:attachment":[{"href":"https:\/\/www.compumashn.net\/inicio\/wp-json\/wp\/v2\/media?parent=3658"}],"wp:term":[{"taxonomy":"product_brand","embeddable":true,"href":"https:\/\/www.compumashn.net\/inicio\/wp-json\/wp\/v2\/product_brand?post=3658"},{"taxonomy":"product_cat","embeddable":true,"href":"https:\/\/www.compumashn.net\/inicio\/wp-json\/wp\/v2\/product_cat?post=3658"},{"taxonomy":"product_tag","embeddable":true,"href":"https:\/\/www.compumashn.net\/inicio\/wp-json\/wp\/v2\/product_tag?post=3658"}],"curies":[{"name":"wp","href":"https:\/\/api.w.org\/{rel}","templated":true}]}}