{"id":3660,"date":"2023-04-08T22:34:29","date_gmt":"2023-04-09T04:34:29","guid":{"rendered":"https:\/\/www.compumashn.net\/inicio\/?post_type=product&#038;p=3660"},"modified":"2025-07-06T12:14:13","modified_gmt":"2025-07-06T18:14:13","slug":"odf","status":"publish","type":"product","link":"https:\/\/www.compumashn.net\/inicio\/product\/odf\/","title":{"rendered":"ODF"},"content":{"rendered":"<ul>\n<li>24C, 48C, 96C opcional, con o sin colas de fibra \u00f3ptica y adaptadores.<\/li>\n<li>Tama\u00f1o est\u00e1ndar, peso ligero y estructura razonable.<\/li>\n<li>Se puede utilizar en un marco de distribuci\u00f3n est\u00e1ndar de 19 &#8221;, 23&#8221;.<\/li>\n<li>Bandeja de empalme cambiable en el interior.<\/li>\n<li>F\u00e1cil gesti\u00f3n y funcionamiento, adecuado para cinta y fibra simple.<\/li>\n<\/ul>\n","protected":false},"excerpt":{"rendered":"<p>24C, 48C, 96C opcional, con o sin colas de fibra \u00f3ptica y adaptadores. Tama\u00f1o est\u00e1ndar, peso ligero y estructura razonable. Se puede utilizar en un marco de distribuci\u00f3n est\u00e1ndar de 19 &#8221;, 23&#8221;. Bandeja de empalme cambiable en el interior. F\u00e1cil gesti\u00f3n y funcionamiento, adecuado para cinta y fibra simple.<\/p>\n","protected":false},"featured_media":3664,"template":"","meta":{"_monsterinsights_skip_tracking":false,"_monsterinsights_sitenote_active":false,"_monsterinsights_sitenote_note":"","_monsterinsights_sitenote_category":0},"product_brand":[],"product_cat":[133],"product_tag":[],"class_list":{"0":"post-3660","1":"product","2":"type-product","3":"status-publish","4":"has-post-thumbnail","6":"product_cat-odf","7":"notblog","9":"first","10":"instock","11":"featured","12":"taxable","13":"shipping-taxable","14":"purchasable","15":"product-type-variable"},"_links":{"self":[{"href":"https:\/\/www.compumashn.net\/inicio\/wp-json\/wp\/v2\/product\/3660","targetHints":{"allow":["GET"]}}],"collection":[{"href":"https:\/\/www.compumashn.net\/inicio\/wp-json\/wp\/v2\/product"}],"about":[{"href":"https:\/\/www.compumashn.net\/inicio\/wp-json\/wp\/v2\/types\/product"}],"wp:featuredmedia":[{"embeddable":true,"href":"https:\/\/www.compumashn.net\/inicio\/wp-json\/wp\/v2\/media\/3664"}],"wp:attachment":[{"href":"https:\/\/www.compumashn.net\/inicio\/wp-json\/wp\/v2\/media?parent=3660"}],"wp:term":[{"taxonomy":"product_brand","embeddable":true,"href":"https:\/\/www.compumashn.net\/inicio\/wp-json\/wp\/v2\/product_brand?post=3660"},{"taxonomy":"product_cat","embeddable":true,"href":"https:\/\/www.compumashn.net\/inicio\/wp-json\/wp\/v2\/product_cat?post=3660"},{"taxonomy":"product_tag","embeddable":true,"href":"https:\/\/www.compumashn.net\/inicio\/wp-json\/wp\/v2\/product_tag?post=3660"}],"curies":[{"name":"wp","href":"https:\/\/api.w.org\/{rel}","templated":true}]}}