{"id":3676,"date":"2023-04-08T23:07:16","date_gmt":"2023-04-09T05:07:16","guid":{"rendered":"https:\/\/www.compumashn.net\/inicio\/?post_type=product&#038;p=3676"},"modified":"2026-03-07T22:33:42","modified_gmt":"2026-03-08T04:33:42","slug":"splitter-optico-sin-conector","status":"publish","type":"product","link":"https:\/\/www.compumashn.net\/inicio\/product\/splitter-optico-sin-conector\/","title":{"rendered":"SPLITTER \u00d3PTICO SIN CONECTOR"},"content":{"rendered":"<ul>\n<li>Splitters \u00f3pticos disponible en: 1X2, 1X4, 1X8.<\/li>\n<li>El Splitter \u00f3ptico PLC es un componente importante en una red FTTx.<\/li>\n<li>Esta basado en la tecnolog\u00eda de ondas planar, proporcionando una soluci\u00f3n de ahorro costo-beneficio y espacio en la red.<\/li>\n<li>El splitter PLC divide uniformemente una se\u00f1al \u00f3ptica de uno o dos puertos de entrada a varios puertos de salida.<\/li>\n<li>Puede trabajar en longitudes de onda desde 1260 hasta 1650nm.<\/li>\n<li>Posee un tama\u00f1o compacto y se puede instalar en sistemas bajo tierra, a\u00e9reos, postes, pedestales y en sistemas de bastidores.<\/li>\n<\/ul>\n","protected":false},"excerpt":{"rendered":"<p>Splitters \u00f3pticos disponible en: 1X2, 1X4, 1X8. El Splitter \u00f3ptico PLC es un componente importante en una red FTTx. Esta basado en la tecnolog\u00eda de ondas planar, proporcionando una soluci\u00f3n de ahorro costo-beneficio y espacio en la red. El splitter PLC divide uniformemente una se\u00f1al \u00f3ptica de uno o dos puertos de entrada a varios [&hellip;]<\/p>\n","protected":false},"featured_media":3680,"template":"","meta":{"_monsterinsights_skip_tracking":false,"_monsterinsights_sitenote_active":false,"_monsterinsights_sitenote_note":"","_monsterinsights_sitenote_category":0},"product_brand":[],"product_cat":[132,106],"product_tag":[],"class_list":{"0":"post-3676","1":"product","2":"type-product","3":"status-publish","4":"has-post-thumbnail","6":"product_cat-accesorios-fibra-optica","7":"product_cat-fibra-optica","8":"notblog","10":"first","11":"instock","12":"featured","13":"taxable","14":"shipping-taxable","15":"purchasable","16":"product-type-variable"},"_links":{"self":[{"href":"https:\/\/www.compumashn.net\/inicio\/wp-json\/wp\/v2\/product\/3676","targetHints":{"allow":["GET"]}}],"collection":[{"href":"https:\/\/www.compumashn.net\/inicio\/wp-json\/wp\/v2\/product"}],"about":[{"href":"https:\/\/www.compumashn.net\/inicio\/wp-json\/wp\/v2\/types\/product"}],"wp:featuredmedia":[{"embeddable":true,"href":"https:\/\/www.compumashn.net\/inicio\/wp-json\/wp\/v2\/media\/3680"}],"wp:attachment":[{"href":"https:\/\/www.compumashn.net\/inicio\/wp-json\/wp\/v2\/media?parent=3676"}],"wp:term":[{"taxonomy":"product_brand","embeddable":true,"href":"https:\/\/www.compumashn.net\/inicio\/wp-json\/wp\/v2\/product_brand?post=3676"},{"taxonomy":"product_cat","embeddable":true,"href":"https:\/\/www.compumashn.net\/inicio\/wp-json\/wp\/v2\/product_cat?post=3676"},{"taxonomy":"product_tag","embeddable":true,"href":"https:\/\/www.compumashn.net\/inicio\/wp-json\/wp\/v2\/product_tag?post=3676"}],"curies":[{"name":"wp","href":"https:\/\/api.w.org\/{rel}","templated":true}]}}