{"id":4150,"date":"2023-11-06T22:16:39","date_gmt":"2023-11-07T04:16:39","guid":{"rendered":"https:\/\/www.compumashn.net\/inicio\/?post_type=product&#038;p=4150"},"modified":"2025-07-06T14:32:22","modified_gmt":"2025-07-06T20:32:22","slug":"power-beam-m5-400","status":"publish","type":"product","link":"https:\/\/www.compumashn.net\/inicio\/product\/power-beam-m5-400\/","title":{"rendered":"POWER BEAM M5 400"},"content":{"rendered":"<p>El nuevo PowerBeam M5-400 tiene un dise\u00f1o compacto todo-en-uno con un ancho de haz uniforme, eficiente y un procesador m\u00e1s r\u00e1pido. Este nuevo Ubiquiti PowerBeam M5-400 incorpora un sistema de sujecci\u00f3n a los 3 ejes (X, Y, Z) para permitir una mayor precisi\u00f3n en los enlaces Wi-Fi de larga distancia. La antena y el rendimiento de este nuevo equipo han sido mejoradas para proporcionar un mayor rendimiento. Disfruta de un rendimiento de m\u00e1s de 150 Mbps, en una frecuencia de 5GHz y con un alcance de m\u00e1s de 25Km<\/p>\n<p>Tiene una antena que ofrece 25 dBi de ganancia y 26 dBm de Potencia de Transmisi\u00f3n, opera en el intervalo de frecuencia de 5170 \u2013 5875 MHz. Cuenta con un procesador Atheros MIPS 74KC y 64MB de Memoria RAM, adem\u00e1s de 8 MB para almacenamiento. Tambi\u00e9n tiene un puerto Gigabit Ethernet 10\/100\/1000.<\/p>\n<p>El reflector tipo plato es de 400 mm a diferencia del NanoBeam M5-300 que es de 300 mm, adem\u00e1s el NanoBeam M5-400 tiene una franja gris delgada alrededor del centro del Feed, para diferenciarla del modelo 300.<\/p>\n","protected":false},"excerpt":{"rendered":"<ul>\n<li><strong>FRECUENCIA:<\/strong> 2GHZ<\/li>\n<li><strong>RENDIMIENTO:<\/strong> 150+Mbps<\/li>\n<li><strong>ALCANCE:<\/strong> 20 KM<\/li>\n<\/ul>\n","protected":false},"featured_media":4151,"template":"","meta":{"_monsterinsights_skip_tracking":false,"_monsterinsights_sitenote_active":false,"_monsterinsights_sitenote_note":"","_monsterinsights_sitenote_category":0},"product_brand":[163],"product_cat":[136,135,134],"product_tag":[],"class_list":{"0":"post-4150","1":"product","2":"type-product","3":"status-publish","4":"has-post-thumbnail","6":"product_brand-ubiquiti","7":"product_cat-power-beam","8":"product_cat-radios","9":"product_cat-ubiquiti","10":"notblog","12":"first","13":"instock","14":"taxable","15":"shipping-taxable","16":"purchasable","17":"product-type-simple"},"_links":{"self":[{"href":"https:\/\/www.compumashn.net\/inicio\/wp-json\/wp\/v2\/product\/4150","targetHints":{"allow":["GET"]}}],"collection":[{"href":"https:\/\/www.compumashn.net\/inicio\/wp-json\/wp\/v2\/product"}],"about":[{"href":"https:\/\/www.compumashn.net\/inicio\/wp-json\/wp\/v2\/types\/product"}],"wp:featuredmedia":[{"embeddable":true,"href":"https:\/\/www.compumashn.net\/inicio\/wp-json\/wp\/v2\/media\/4151"}],"wp:attachment":[{"href":"https:\/\/www.compumashn.net\/inicio\/wp-json\/wp\/v2\/media?parent=4150"}],"wp:term":[{"taxonomy":"product_brand","embeddable":true,"href":"https:\/\/www.compumashn.net\/inicio\/wp-json\/wp\/v2\/product_brand?post=4150"},{"taxonomy":"product_cat","embeddable":true,"href":"https:\/\/www.compumashn.net\/inicio\/wp-json\/wp\/v2\/product_cat?post=4150"},{"taxonomy":"product_tag","embeddable":true,"href":"https:\/\/www.compumashn.net\/inicio\/wp-json\/wp\/v2\/product_tag?post=4150"}],"curies":[{"name":"wp","href":"https:\/\/api.w.org\/{rel}","templated":true}]}}