{"id":4253,"date":"2023-11-08T14:16:02","date_gmt":"2023-11-08T20:16:02","guid":{"rendered":"https:\/\/www.compumashn.net\/inicio\/?post_type=product&#038;p=4253"},"modified":"2025-07-06T14:25:12","modified_gmt":"2025-07-06T20:25:12","slug":"sector-am-2g16-90","status":"publish","type":"product","link":"https:\/\/www.compumashn.net\/inicio\/product\/sector-am-2g16-90\/","title":{"rendered":"SECTOR AM-2G16-90"},"content":{"rendered":"<p>Su tecnolog\u00eda de pr\u00f3xima generaci\u00f3n alcanza ganancia, aislamiento de polarizaci\u00f3n cruzada y caracter\u00edsticas de forma de haz que rivalizan con las antenas de base celular con mayor calidad en el mundo. Instant\u00e1neamente se juntan con el Rocket M5 para crear una poderosa estaci\u00f3n base punto a multipunto AirMax MIMO 2\u00d72. El kit de montaje para el Rocket y los pigtails se incluyen con la antena.<\/p>\n","protected":false},"excerpt":{"rendered":"<ul>\n<li><strong>FRECUENCIA:<\/strong> 2GHZ<\/li>\n<\/ul>\n","protected":false},"featured_media":4252,"template":"","meta":{"_monsterinsights_skip_tracking":false,"_monsterinsights_sitenote_active":false,"_monsterinsights_sitenote_note":"","_monsterinsights_sitenote_category":0},"product_brand":[163],"product_cat":[137,145,134],"product_tag":[],"class_list":{"0":"post-4253","1":"product","2":"type-product","3":"status-publish","4":"has-post-thumbnail","6":"product_brand-ubiquiti","7":"product_cat-antenas","8":"product_cat-sector","9":"product_cat-ubiquiti","10":"notblog","12":"first","13":"instock","14":"taxable","15":"shipping-taxable","16":"purchasable","17":"product-type-simple"},"_links":{"self":[{"href":"https:\/\/www.compumashn.net\/inicio\/wp-json\/wp\/v2\/product\/4253","targetHints":{"allow":["GET"]}}],"collection":[{"href":"https:\/\/www.compumashn.net\/inicio\/wp-json\/wp\/v2\/product"}],"about":[{"href":"https:\/\/www.compumashn.net\/inicio\/wp-json\/wp\/v2\/types\/product"}],"wp:featuredmedia":[{"embeddable":true,"href":"https:\/\/www.compumashn.net\/inicio\/wp-json\/wp\/v2\/media\/4252"}],"wp:attachment":[{"href":"https:\/\/www.compumashn.net\/inicio\/wp-json\/wp\/v2\/media?parent=4253"}],"wp:term":[{"taxonomy":"product_brand","embeddable":true,"href":"https:\/\/www.compumashn.net\/inicio\/wp-json\/wp\/v2\/product_brand?post=4253"},{"taxonomy":"product_cat","embeddable":true,"href":"https:\/\/www.compumashn.net\/inicio\/wp-json\/wp\/v2\/product_cat?post=4253"},{"taxonomy":"product_tag","embeddable":true,"href":"https:\/\/www.compumashn.net\/inicio\/wp-json\/wp\/v2\/product_tag?post=4253"}],"curies":[{"name":"wp","href":"https:\/\/api.w.org\/{rel}","templated":true}]}}