{"id":4439,"date":"2023-11-28T22:15:36","date_gmt":"2023-11-29T04:15:36","guid":{"rendered":"https:\/\/www.compumashn.net\/inicio\/?post_type=product&#038;p=4439"},"modified":"2025-07-06T13:37:51","modified_gmt":"2025-07-06T19:37:51","slug":"mikrotik-crs212-1g-10s-1sin","status":"publish","type":"product","link":"https:\/\/www.compumashn.net\/inicio\/product\/mikrotik-crs212-1g-10s-1sin\/","title":{"rendered":"MIKROTIK CRS212-1G-10S-1S+IN"},"content":{"rendered":"<p><span>Cloud Router Switch 212-1G-10S-1S+IN es un nuevo miembro de \u201ctama\u00f1o peque\u00f1o y bajo costo\u201d de nuestra serie CRS.\u00a0Viene con un puerto Gigabit Ethernet RJ45, diez jaulas SFP y una jaula 10G SFP+, as\u00ed como un panel LCD y un puerto serie (RJ45).\u00a0El producto incluye estuche de escritorio para interior y fuente de alimentaci\u00f3n.\u00a0Se proporcionan orejas especiales para montar la unidad en un bastidor.<\/span><\/p>\n<p><span>Nuestra serie CRS combina las mejores caracter\u00edsticas de un enrutador completamente funcional y un conmutador de capa 3 y funciona con el conocido RouterOS.\u00a0Todas las opciones de configuraci\u00f3n espec\u00edficas del Switch est\u00e1n disponibles en un men\u00fa especial del Switch, pero si lo desea, los puertos se pueden eliminar de la configuraci\u00f3n del Switch y usarse para fines de enrutamiento.<\/span><\/p>\n","protected":false},"excerpt":{"rendered":"<ul>\n<li>SMART SWITCH<\/li>\n<li>1X GIGABIT LAN<\/li>\n<li>10X JAULAS SFP<\/li>\n<li>1X JAULA SFP +<\/li>\n<li>LCD<\/li>\n<li>CPU DE 400MHZ<\/li>\n<li>64MB DE RAM<\/li>\n<li>CARCASA DE ESCRITORIO DE METAL<\/li>\n<li>ROUTEROS L5<\/li>\n<\/ul>\n","protected":false},"featured_media":4440,"template":"","meta":{"_monsterinsights_skip_tracking":false,"_monsterinsights_sitenote_active":false,"_monsterinsights_sitenote_note":"","_monsterinsights_sitenote_category":0},"product_brand":[159],"product_cat":[154],"product_tag":[],"class_list":{"0":"post-4439","1":"product","2":"type-product","3":"status-publish","4":"has-post-thumbnail","6":"product_brand-mikrotik","7":"product_cat-switches","8":"notblog","10":"first","11":"instock","12":"taxable","13":"shipping-taxable","14":"purchasable","15":"product-type-simple"},"_links":{"self":[{"href":"https:\/\/www.compumashn.net\/inicio\/wp-json\/wp\/v2\/product\/4439","targetHints":{"allow":["GET"]}}],"collection":[{"href":"https:\/\/www.compumashn.net\/inicio\/wp-json\/wp\/v2\/product"}],"about":[{"href":"https:\/\/www.compumashn.net\/inicio\/wp-json\/wp\/v2\/types\/product"}],"wp:featuredmedia":[{"embeddable":true,"href":"https:\/\/www.compumashn.net\/inicio\/wp-json\/wp\/v2\/media\/4440"}],"wp:attachment":[{"href":"https:\/\/www.compumashn.net\/inicio\/wp-json\/wp\/v2\/media?parent=4439"}],"wp:term":[{"taxonomy":"product_brand","embeddable":true,"href":"https:\/\/www.compumashn.net\/inicio\/wp-json\/wp\/v2\/product_brand?post=4439"},{"taxonomy":"product_cat","embeddable":true,"href":"https:\/\/www.compumashn.net\/inicio\/wp-json\/wp\/v2\/product_cat?post=4439"},{"taxonomy":"product_tag","embeddable":true,"href":"https:\/\/www.compumashn.net\/inicio\/wp-json\/wp\/v2\/product_tag?post=4439"}],"curies":[{"name":"wp","href":"https:\/\/api.w.org\/{rel}","templated":true}]}}