{"id":4510,"date":"2023-12-01T09:33:53","date_gmt":"2023-12-01T15:33:53","guid":{"rendered":"https:\/\/www.compumashn.net\/inicio\/?post_type=product&#038;p=4510"},"modified":"2025-07-06T13:03:56","modified_gmt":"2025-07-06T19:03:56","slug":"mikrotik-rbgpoe-con-hp","status":"publish","type":"product","link":"https:\/\/www.compumashn.net\/inicio\/product\/mikrotik-rbgpoe-con-hp\/","title":{"rendered":"MIKROTIK RBGPOE-CON-HP"},"content":{"rendered":"<p><span>Este dispositivo le permite utilizar cualquier fuente PoE de 48 V (incluidos Passive PoE, Telecom PoE, 802.3af y 802.3at) para alimentar dispositivos RouterBOARD.<\/span><\/p>\n<p><span>Simplemente conecte cualquier cable Ethernet alimentado por PoE de 48 V a un puerto y cualquier dispositivo RouterBOARD con capacidad de 8-30 V al otro.\u00a0Este dispositivo es capaz de proporcionar una salida de alta potencia: hasta 24 W (hasta 1 A a 24 V).<\/span><\/p>\n<p><span>Puede alimentarlo con pr\u00e1cticamente cualquier soluci\u00f3n PoE de 42-57 V disponible en el mercado hoy en d\u00eda (compatible con Pasivo, Telecom, 802.3af y 802.3at PoE plus).<\/span><\/p>\n<p><span>El dispositivo tiene un dise\u00f1o met\u00e1lico resistente, con componentes de alta calidad y un dise\u00f1o de disipador t\u00e9rmico integrado.\u00a0El estuche tambi\u00e9n tiene orificios de montaje para que pueda fijarlo a la pared.<\/span><\/p>\n<p><span>Los pines blindados de Ethernet se encuentran dentro de los conectores Ethernet, de modo que se puede utilizar Ethernet blindado para conectar a tierra ya sea en el convertidor mismo o en los dispositivos en ambos extremos.\u00a0Admite Ethernet de 10\/100\/1000 Mbps.<\/span><\/p>\n","protected":false},"excerpt":{"rendered":"<p>CONVERTIDOR POE DE 48 A 24 V<br \/>\n10\/100\/1000 MBPS COMPATIBLE CON<br \/>\n802.3AF, COMPATIBILIDAD CON 802.3AT<\/p>\n","protected":false},"featured_media":4512,"template":"","meta":{"_monsterinsights_skip_tracking":false,"_monsterinsights_sitenote_active":false,"_monsterinsights_sitenote_note":"","_monsterinsights_sitenote_category":0},"product_brand":[159],"product_cat":[155],"product_tag":[],"class_list":{"0":"post-4510","1":"product","2":"type-product","3":"status-publish","4":"has-post-thumbnail","6":"product_brand-mikrotik","7":"product_cat-accesorios-mikrotik","8":"notblog","10":"first","11":"instock","12":"taxable","13":"shipping-taxable","14":"purchasable","15":"product-type-simple"},"_links":{"self":[{"href":"https:\/\/www.compumashn.net\/inicio\/wp-json\/wp\/v2\/product\/4510","targetHints":{"allow":["GET"]}}],"collection":[{"href":"https:\/\/www.compumashn.net\/inicio\/wp-json\/wp\/v2\/product"}],"about":[{"href":"https:\/\/www.compumashn.net\/inicio\/wp-json\/wp\/v2\/types\/product"}],"wp:featuredmedia":[{"embeddable":true,"href":"https:\/\/www.compumashn.net\/inicio\/wp-json\/wp\/v2\/media\/4512"}],"wp:attachment":[{"href":"https:\/\/www.compumashn.net\/inicio\/wp-json\/wp\/v2\/media?parent=4510"}],"wp:term":[{"taxonomy":"product_brand","embeddable":true,"href":"https:\/\/www.compumashn.net\/inicio\/wp-json\/wp\/v2\/product_brand?post=4510"},{"taxonomy":"product_cat","embeddable":true,"href":"https:\/\/www.compumashn.net\/inicio\/wp-json\/wp\/v2\/product_cat?post=4510"},{"taxonomy":"product_tag","embeddable":true,"href":"https:\/\/www.compumashn.net\/inicio\/wp-json\/wp\/v2\/product_tag?post=4510"}],"curies":[{"name":"wp","href":"https:\/\/api.w.org\/{rel}","templated":true}]}}