{"id":5025,"date":"2025-01-27T21:05:32","date_gmt":"2025-01-28T03:05:32","guid":{"rendered":"https:\/\/www.compumashn.net\/inicio\/?post_type=product&#038;p=5025"},"modified":"2025-07-06T13:02:57","modified_gmt":"2025-07-06T19:02:57","slug":"mikrotik-css610-8p-2sin","status":"publish","type":"product","link":"https:\/\/www.compumashn.net\/inicio\/product\/mikrotik-css610-8p-2sin\/","title":{"rendered":"MIKROTIK CSS610-8P-2S+IN"},"content":{"rendered":"<p><span>El CSS610-8P-2S+IN es uno de los conmutadores m\u00e1s completos del mercado. Se adapta perfectamente a las configuraciones m\u00e1s diversas: desde redes dom\u00e9sticas y peque\u00f1as oficinas hasta hoteles, centros de llamadas, etc. La combinaci\u00f3n \u00fanica de tama\u00f1o, caracter\u00edsticas y precio ofrece un potencial de escalabilidad incre\u00edble.<\/span><\/p>\n<p>Hay dos puertos SFP+ para conectividad de fibra de 10 Gigabit y ocho puertos Gigabit Ethernet con 802.3af\/at y salida PoE pasiva (solo necesita una \u00fanica fuente de alimentaci\u00f3n para proporcionar ambos).<\/p>\n<p>Este conmutador se caracteriza por su configuraci\u00f3n sencilla y agradable. Su formato compacto facilita el env\u00edo y la manipulaci\u00f3n, mientras que el SwOS ligero facilita la configuraci\u00f3n. \u00a1Incluso puede configurar este conmutador desde su navegador web! Le ofrece todas las funciones b\u00e1sicas de un conmutador administrado, e incluso m\u00e1s:\u00a0puede administrar el reenv\u00edo de puerto a puerto, el control de tormentas de difusi\u00f3n, aplicar filtros MAC, configurar VLAN, reflejar el tr\u00e1fico, aplicar limitaciones de ancho de banda e incluso ajustar algunos campos de encabezado MAC e IP.<\/p>\n","protected":false},"excerpt":{"rendered":"<p>Su central PoE compacta y asequible con 8 puertos de salida PoE Gigabit y 2 puertos SFP+ de 10 Gigabit.<\/p>\n","protected":false},"featured_media":5026,"template":"","meta":{"_monsterinsights_skip_tracking":false,"_monsterinsights_sitenote_active":false,"_monsterinsights_sitenote_note":"","_monsterinsights_sitenote_category":0},"product_brand":[159],"product_cat":[149,154],"product_tag":[],"class_list":{"0":"post-5025","1":"product","2":"type-product","3":"status-publish","4":"has-post-thumbnail","6":"product_brand-mikrotik","7":"product_cat-mikrotik","8":"product_cat-switches","9":"notblog","11":"first","12":"instock","13":"taxable","14":"shipping-taxable","15":"purchasable","16":"product-type-simple"},"_links":{"self":[{"href":"https:\/\/www.compumashn.net\/inicio\/wp-json\/wp\/v2\/product\/5025","targetHints":{"allow":["GET"]}}],"collection":[{"href":"https:\/\/www.compumashn.net\/inicio\/wp-json\/wp\/v2\/product"}],"about":[{"href":"https:\/\/www.compumashn.net\/inicio\/wp-json\/wp\/v2\/types\/product"}],"wp:featuredmedia":[{"embeddable":true,"href":"https:\/\/www.compumashn.net\/inicio\/wp-json\/wp\/v2\/media\/5026"}],"wp:attachment":[{"href":"https:\/\/www.compumashn.net\/inicio\/wp-json\/wp\/v2\/media?parent=5025"}],"wp:term":[{"taxonomy":"product_brand","embeddable":true,"href":"https:\/\/www.compumashn.net\/inicio\/wp-json\/wp\/v2\/product_brand?post=5025"},{"taxonomy":"product_cat","embeddable":true,"href":"https:\/\/www.compumashn.net\/inicio\/wp-json\/wp\/v2\/product_cat?post=5025"},{"taxonomy":"product_tag","embeddable":true,"href":"https:\/\/www.compumashn.net\/inicio\/wp-json\/wp\/v2\/product_tag?post=5025"}],"curies":[{"name":"wp","href":"https:\/\/api.w.org\/{rel}","templated":true}]}}