{"id":5029,"date":"2025-01-27T21:14:18","date_gmt":"2025-01-28T03:14:18","guid":{"rendered":"https:\/\/www.compumashn.net\/inicio\/?post_type=product&#038;p=5029"},"modified":"2025-07-06T13:02:47","modified_gmt":"2025-07-06T19:02:47","slug":"mikrotik-l009uigs-rm","status":"publish","type":"product","link":"https:\/\/www.compumashn.net\/inicio\/product\/mikrotik-l009uigs-rm\/","title":{"rendered":"MIKROTIK L009UiGS-RM"},"content":{"rendered":"<p>El enrutador L009 cuenta con una\u00a0potente CPU ARM de doble n\u00facleo\u00a0. Ofrece una mejora significativa en lo que respecta al enrutamiento y filtrado, reglas de firewall complejas, cifrado de hardware IPsec y varias funciones avanzadas de RouterOS. La arquitectura de CPU ARM proporciona ventajas significativas sobre los dispositivos m\u00e1s antiguos basados \u200b\u200ben MIPS. Como usar todas las \u00faltimas funciones del kernel de Linux o implementar sus propios proyectos de contenedores.\u00a0La combinaci\u00f3n de una CPU ARM moderna y un puerto USB de tama\u00f1o completo es perfecta para ejecutar proyectos de contenedores personalizados.\u00a0Puede ejecutar un bloqueador de anuncios Pi-hole en este enrutador, por ejemplo. O puede usar el USB para agregar un m\u00f3dem LTE de su elecci\u00f3n. La imaginaci\u00f3n es el verdadero l\u00edmite aqu\u00ed.<\/p>\n","protected":false},"excerpt":{"rendered":"<p>L009 es m\u00e1s que un simple router. Esta l\u00ednea de productos es hasta 4 veces m\u00e1s r\u00e1pida que RB2011, tiene una CPU ARM moderna con soporte para contenedores, un gabinete innovador que permite montar hasta cuatro routers en un solo espacio de 1U, m\u00e1s memoria RAM, PoE y soporte para SFP de 2.5G. Esta versi\u00f3n viene con accesorios para montaje en rack de 1U.<\/p>\n","protected":false},"featured_media":5031,"template":"","meta":{"_monsterinsights_skip_tracking":false,"_monsterinsights_sitenote_active":false,"_monsterinsights_sitenote_note":"","_monsterinsights_sitenote_category":0},"product_brand":[159],"product_cat":[149,150],"product_tag":[],"class_list":{"0":"post-5029","1":"product","2":"type-product","3":"status-publish","4":"has-post-thumbnail","6":"product_brand-mikrotik","7":"product_cat-mikrotik","8":"product_cat-routers-ethernet","9":"notblog","11":"first","12":"instock","13":"taxable","14":"shipping-taxable","15":"purchasable","16":"product-type-simple"},"_links":{"self":[{"href":"https:\/\/www.compumashn.net\/inicio\/wp-json\/wp\/v2\/product\/5029","targetHints":{"allow":["GET"]}}],"collection":[{"href":"https:\/\/www.compumashn.net\/inicio\/wp-json\/wp\/v2\/product"}],"about":[{"href":"https:\/\/www.compumashn.net\/inicio\/wp-json\/wp\/v2\/types\/product"}],"wp:featuredmedia":[{"embeddable":true,"href":"https:\/\/www.compumashn.net\/inicio\/wp-json\/wp\/v2\/media\/5031"}],"wp:attachment":[{"href":"https:\/\/www.compumashn.net\/inicio\/wp-json\/wp\/v2\/media?parent=5029"}],"wp:term":[{"taxonomy":"product_brand","embeddable":true,"href":"https:\/\/www.compumashn.net\/inicio\/wp-json\/wp\/v2\/product_brand?post=5029"},{"taxonomy":"product_cat","embeddable":true,"href":"https:\/\/www.compumashn.net\/inicio\/wp-json\/wp\/v2\/product_cat?post=5029"},{"taxonomy":"product_tag","embeddable":true,"href":"https:\/\/www.compumashn.net\/inicio\/wp-json\/wp\/v2\/product_tag?post=5029"}],"curies":[{"name":"wp","href":"https:\/\/api.w.org\/{rel}","templated":true}]}}