{"id":5150,"date":"2025-07-01T21:05:56","date_gmt":"2025-07-02T03:05:56","guid":{"rendered":"https:\/\/www.compumashn.net\/inicio\/?post_type=product&#038;p=5150"},"modified":"2025-07-01T21:06:55","modified_gmt":"2025-07-02T03:06:55","slug":"rack-mural-9u-tpk-b-9u","status":"publish","type":"product","link":"https:\/\/www.compumashn.net\/inicio\/product\/rack-mural-9u-tpk-b-9u\/","title":{"rendered":"RACK MURAL 9U TPK-B-9U"},"content":{"rendered":"<p>Los murales colgantes de doble cuerpo de la serie RM2 se usan con mayor frecuencia en instalaciones de redes de voz\/datos, circuito cerrado de televisi\u00f3n, seguridad y control de acceso, donde el acceso r\u00e1pido y f\u00e1cil a la secci\u00f3n posterior del armario es un factor importante. Gracias a esto, el acceso a la parte posterior de los dispositivos montados no plantea ninguna dificultad. El color del gabinete es negro RAL9004.<br \/>\nAdem\u00e1s de la posibilidad de montar dispositivos en el est\u00e1ndar de 19 pulgadas, otros dispositivos que no son compatibles con el sistema de bastidor (como interruptores o grabadoras) pueden colocarse en los armarios con el uso de bandejas. Una amplia gama de accesorios opcionales permite ajustar el armario a sus propias necesidades<\/p>\n","protected":false},"excerpt":{"rendered":"<p>RACK MURAL 9U TPK-B-9U<\/p>\n","protected":false},"featured_media":5152,"template":"","meta":{"_monsterinsights_skip_tracking":false,"_monsterinsights_sitenote_active":false,"_monsterinsights_sitenote_note":"","_monsterinsights_sitenote_category":0},"product_brand":[],"product_cat":[15],"product_tag":[],"class_list":{"0":"post-5150","1":"product","2":"type-product","3":"status-publish","4":"has-post-thumbnail","6":"product_cat-otros-productos","7":"notblog","9":"first","10":"instock","11":"taxable","12":"shipping-taxable","13":"purchasable","14":"product-type-simple"},"_links":{"self":[{"href":"https:\/\/www.compumashn.net\/inicio\/wp-json\/wp\/v2\/product\/5150","targetHints":{"allow":["GET"]}}],"collection":[{"href":"https:\/\/www.compumashn.net\/inicio\/wp-json\/wp\/v2\/product"}],"about":[{"href":"https:\/\/www.compumashn.net\/inicio\/wp-json\/wp\/v2\/types\/product"}],"wp:featuredmedia":[{"embeddable":true,"href":"https:\/\/www.compumashn.net\/inicio\/wp-json\/wp\/v2\/media\/5152"}],"wp:attachment":[{"href":"https:\/\/www.compumashn.net\/inicio\/wp-json\/wp\/v2\/media?parent=5150"}],"wp:term":[{"taxonomy":"product_brand","embeddable":true,"href":"https:\/\/www.compumashn.net\/inicio\/wp-json\/wp\/v2\/product_brand?post=5150"},{"taxonomy":"product_cat","embeddable":true,"href":"https:\/\/www.compumashn.net\/inicio\/wp-json\/wp\/v2\/product_cat?post=5150"},{"taxonomy":"product_tag","embeddable":true,"href":"https:\/\/www.compumashn.net\/inicio\/wp-json\/wp\/v2\/product_tag?post=5150"}],"curies":[{"name":"wp","href":"https:\/\/api.w.org\/{rel}","templated":true}]}}